r + 5*f + 12 = -9, -4*f - 12 = 0. Suppose r = -m + 11*w - 13*w, 5*w = 5*m + 40. Let a(z) = -6 + 3*z + z**2 + 0*z + 2*z. What is a(m)?
0
Let m = 2 - 1. Let i(j) = -5*j**2 - 2*j - 5. Let p(o) = 2*o**3 - 6*o**2 - 3*o - 6. Let r(g) = 5*i(g) - 4*p(g). Determine r(m).
-8
Let t(v) be the third derivative of 0 + 9*v**2 - v**3 + 0*v + 1/24*v**4. Give t(0).
-6
Suppose -2*t - 2 = -21*k + 17*k, 10 = -5*k + 5*t. Let j(p) = -p**3 + 2*p**2 + 4*p. What is j(k)?
3
Let m(w) = 4 - 2*w - 2*w + 6*w. Let s = 189 - 123. Suppose 14*f = 3*f - s. Calculate m(f).
-8
Let v(u) = 5*u**3 - 2 + u**3 + 11*u**3 - 3*u**3 - 2*u - 15*u**3. Suppose 5*i + 12 - 2 = 0. Give v(i).
10
Let u(k) = k**2 - 9*k - 6. Suppose 30 = 11*f - 8*f. Determine u(f).
4
Suppose -82 + 88 = -3*p. Let t(d) = -2*d**3 - 3*d - 1. Determine t(p).
21
Suppose 3*k = -m - 2*m + 33, -11 = -k + 2*m. Let q(z) = 3*z**3 - 3*z**2 - 4*z. Let h(f) = 8*f**3 - 8*f**2 - 11*f. Let b(a) = k*q(a) - 4*h(a). Calculate b(2).
4
Let a(u) = 5*u**2 - 3*u. Let s(w) = -w**3 - 2*w**2 - 4*w - 3. Let v be s(-2). Suppose 3*c + v - 11 = 0. What is a(c)?
14
Let f be 0/(-8) + (1 - -1). Let y(d) = -2*d**2 - d + 3. Let x be y(f). Let w(i) = -i**2 - 7*i - 1. Give w(x).
-1
Let i(a) = -2*a + 3. Let u(r) = 2*r**2 - 13*r + 10. Let l be u(6). What is i(l)?
-5
Let x(p) = p + 2. Let c(o) = -o**2 - 18*o + 3. Let n be c(-18). Suppose -3*l + 4*h = -18, 5*l - n*h = l + 24. Give x(l).
8
Let u(q) = -4*q - 1. Let s be 3 - (3 + 0) - (-10 + 6). Calculate u(s).
-17
Let j(v) be the third derivative of v**6/120 - v**5/6 - v**4/8 + 13*v**3/6 - 199*v**2. What is j(10)?
-17
Suppose -h + 27 = -4*h. Let z be 2/h - (-60)/27. Let a(o) = 5*o**2 + 2 - 6*o**2 - z*o + 3*o. What is a(3)?
-4
Suppose 0 = 5*d - 0*d - 2*l - 18, -3*d - 3*l = 6. Let f be (-6)/3 + d + 3. Let x(q) = -q + 5*q + 1 - f + q. Determine x(2).
8
Let f(i) = -2*i**2 - i + 1. Let k be f(-2). Suppose 4*l - 35 = -5*h, 5*l = 6*h - 4*h + 19. Let d(v) = -9 + 6*v + l - 3*v + v**2. Determine d(k).
6
Let i(p) = -78*p**3 + 1 + p + 3*p**2 + p**2 + 79*p**3. Determine i(-4).
-3
Let w = 212 - 191. Let p(j) = -j**3 + 20*j**2 + 20*j + 13. What is p(w)?
-8
Let f(d) = -d**3 - 8*d**2 - 2*d - 19. Let x be f(-8). Let h(a) = a**3 + 3*a**2 - 5*a - 4. Determine h(x).
11
Suppose 2*o - 35 = -3. Suppose 4*l - 25 = -5*x, -l - o = -3*x - 1. Let y(u) = u**2 - u - 2. Give y(l).
-2
Let h = -168 - -163. Let k(w) = -w**3 - 5*w**2 + 5*w - 4. Give k(h).
-29
Let i(f) = -f**2 - 6*f - 2. Let q = 188 - 193. Determine i(q).
3
Let n(u) = 8*u**2 + u. Let g be (15 + -19)*2/(-4). Suppose -4*k + 8 = -g*q, 4*k + 3*q + 3 = 1. Give n(k).
9
Suppose -3*q - 20 = q. Let y(h) = 11*h**2 + h + 22. Let b(z) = -7*z**2 - z - 14. Let w(j) = 8*b(j) + 5*y(j). Give w(q).
-12
Let f(r) be the first derivative of -r**3/6 + 5*r**2/2 - 2*r - 3. Let s(d) be the first derivative of f(d). Let u be 6/((-1)/1) + 1. Calculate s(u).
10
Let f be 10/4 - (-3)/(-6). Let l(i) be the first derivative of 1/2*i**2 + 2*i + 64 + 1/4*i**4 - 1/3*i**3. Give l(f).
8
Let i = 20 + -14. Let r(v) = -v**3 + 7*v**2 - 7*v - 5. What is r(i)?
-11
Let p(j) = j - 7. Suppose 3*z = -t + 26, 0 = -4*t - 4*z + z + 77. Let o(h) = 2*h**2 - 33*h - 17. Let s be o(t). Give p(s).
-7
Let s(l) be the third derivative of l**4/12 + 77*l**2 - 1. Let r = 8 + -4. What is s(r)?
8
Let o(y) be the second derivative of -y**8/6720 - y**7/360 - y**6/720 - y**5/24 + 5*y**4/6 - 12*y. Let x(l) be the third derivative of o(l). Calculate x(-7).
2
Let f(i) = 17*i - 12 + 11*i - 36*i + 14*i. Determine f(3).
6
Let n(t) = -1 + 6*t**3 + t - 2*t**3 - 5*t**3 + 6. Let b be n(0). Let s(j) = -2*j + 5. What is s(b)?
-5
Let h(n) be the second derivative of n**3/3 - 4*n**2 - n. Let l = 44 - 40. Let m(a) = a**2 - 2*a - 2. Let k be m(l). Calculate h(k).
4
Let a(h) = 4*h**3 - 3*h**2 - 3*h. Let d(g) = -g**3 + g**2 + g - 2. Suppose -t = -w + 1, 7 = t + 4*w - w. Let s(c) = t*a(c) + 3*d(c). Calculate s(0).
-6
Let f(c) = -3*c**2 - c + 3. Let n(j) = -j + 1. Let w(h) = f(h) - 2*n(h). Let t = 9 - 7. Suppose -t = -2*b - 4. Calculate w(b).
-3
Let f(r) = -9*r + 4. Let y be 25/(-7) + 42/(-98). Let a be f(y). Let i be (-8)/(-10)*a/(-16). Let c(b) = b**2 + 4*b + 3. Give c(i).
-1
Suppose 0 = 27*u - 25*u - 2. Let b(a) = -2 + 2 - 2 - 6*a + u. Calculate b(-1).
5
Let b(h) = h**3 + 7*h**2 - 8*h - 7. Let i(f) = -f**2 + f + 1. Let n(x) = -b(x) - 2*i(x). Calculate n(-6).
5
Let m be 12*6/9 + -9. Let i(l) be the second derivative of -3*l**5/10 - l**4/12 - l. Determine i(m).
5
Let m(z) = z**3 + 4*z**2 - 3*z + 1. Let q be m(1). Let c(i) = -3 + 6*i**3 - i**q + 3. Give c(1).
5
Let d be -3*(-176)/36 + 4/12. Let u(l) = l + 8. What is u(d)?
23
Let c = -716 - -725. Let x(k) = k**3 - 8*k**2 - 8*k + 5. Give x(c).
14
Let z(g) = -g**3 + g**2 - 4. Let q be z(0). Let h(b) = -b**3 - 4*b**2 + b + 1. Let v be h(q). Let c(i) = 3 + 2 - 3*i**2 + 5*i**2 + 2*i - 4. What is c(v)?
13
Let m be (-2)/5 - (1 - (-48)/(-20)). Let p(h) = 33*h - 13*h - 14*h - 13*h - 9*h. Calculate p(m).
-16
Suppose 0*n + 120 = 4*n. Suppose 2*z + n = 34. Let i(h) = -7*h + 2. Determine i(z).
-12
Suppose -1 + 13 = -5*x - 4*n, -x + 3 = -n. Let o(r) = 2*r**2 + r + 1. Let b be o(-2). Let f = b + x. Let k(i) = -i**2 + 8*i - 5. What is k(f)?
2
Let u(r) = 5*r - 37. Let l(m) = -16*m + 114. Let s(f) = -6*l(f) - 19*u(f). Determine s(8).
27
Let y(j) be the second derivative of j**5/20 + 2*j**4/3 - 7*j**2/2 + 320*j. Calculate y(-8).
-7
Let s(c) = -7*c**3 - 14*c**2 - 20*c - 13. Let r(u) = -6*u**3 - 15*u**2 - 20*u - 14. Let f(p) = -6*r(p) + 5*s(p). Give f(-19).
0
Let i = -51 + 45. Let g(v) = 7*v**3 + 9*v**2 + 11*v - 11. Let d(p) = 10*p**3 + 14*p**2 + 16*p - 16. Let m(b) = 5*d(b) - 7*g(b). What is m(i)?
15
Let f(d) = -5*d**2 + 2*d - 1. Let v(a) = 9*a**2 - 3*a + 1. Let t(y) = -7*f(y) - 4*v(y). Let k be t(-4). Let c(z) = z**2 + 4*z - 6. Give c(k).
-1
Let v(y) = y - 18. Suppose -5*r - 3 = -3*o - 18, 5*r - 10 = 2*o. Suppose r = 11*s - s. Give v(s).
-18
Let c(f) = -6*f - 14. Let q(p) = 5*p + 15. Let b(t) = 4*c(t) + 5*q(t). Determine b(-12).
7
Suppose -5*q + q = 5*k + 52, 0 = -3*k - 4*q - 36. Let i = 13 + k. Let j(u) = 4*u - 5. Determine j(i).
15
Let f(o) = o**2 - 4*o + 3. Let q be f(4). Let u(a) = -2. Let c(b) = b + 2. Let s(w) = -2*c(w) - 3*u(w). What is s(q)?
-4
Suppose -3*l = -2*r - 5, 2*l + 2*l = -4*r - 40. Let c(j) = -13*j - 5 + 3*j - 4 + 2. Let g(s) = -7*s - 5. Let v(u) = r*g(u) + 5*c(u). What is v(4)?
-4
Let t(j) be the first derivative of -2/3*j**3 + j + 2 + 5/12*j**4 + 3/2*j**2 - 1/20*j**5. Let n(f) be the first derivative of t(f). What is n(2)?
7
Let z be (6 - 0)*-8*4/24. Let o(p) = -2*p - 1. Calculate o(z).
15
Suppose -7*t = 2*x - 3*t + 26, -5*t = -2*x + 19. Let b be 16/4*x*1/(-2). Let p(n) = -n**3 + 5*n**2 + 9*n - 9. Calculate p(b).
9
Let h(j) = 24*j - 11. Let p(y) = 13*y - 9. Let i(z) = -6*z + 4. Let a(l) = 10*i(l) + 4*p(l). Let w(m) = -8*a(m) - 3*h(m). What is w(-1)?
9
Let h be (1 + -16)/((8 - 13) + 4). Let x(n) = 2*n - 30. What is x(h)?
0
Let z(y) = y**3 - 5*y**2 - 7*y + 4. Let d(u) = -4*u + 6*u + 20 - u. Let q be d(-14). What is z(q)?
-2
Let w(t) = 4*t - 17. Let d be w(11). Suppose 2*n = 3*b + d, -b = b + n + 11. Let x(z) = z + 2. Calculate x(b).
-5
Let a(w) be the second derivative of -w**4/12 + 7*w**3/6 - 5*w**2/2 + 2*w. Let u be 1*10/(-4)*(-128)/80. Determine a(u).
7
Let j(t) = 5*t + 6 + 2 - 2. Let v(k) = 2*k + 1. Let w(z) = 7*z + 10. Let h(x) = -2*v(x) - w(x). Let l(s) = -6*h(s) - 13*j(s). Determine l(0).
-6
Suppose -58*s = -64*s - 48. Let x(f) = -f**2 - 12*f - 9. Calculate x(s).
23
Suppose -l = -2, -y - l = -4*l + 31. Let d = -462 + 433. Let f = d - y. Let v(s) = 4*s + 3. Give v(f).
-13
Let i(s) = s - 12. Let b(v) = -2*v + 24. Let q(h) = -4*b(h) - 9*i(h). Let y be q(15). Let f(m) = m**2 + 2*m - 4. Give f(y).
-1
Let r(s) be the second derivative of s**3/6 - 3*s**2/2 - 2*s. Let m = 78 + -85. Let q be ((-77)/21 - m) + (-2)/(-3). What is r(q)?
1
Suppose 0*d - 2 = -d. Suppose -3 = d*u - 15. Let c(l) = -3 + 7*l - 14*l + 7*l**2 - 6*l**2. Calculate c(u).
-9
Let o(p) = -p**2 + 7*p - 8. Let h(v) be the second derivative of v**4/12 - 7*v**3/6 + 9*v**2/2 - 10*v. Let f(n) = 4*h(n) + 5*o(n). Calculate f(6).
2
Let n(q) be the second derivative of -13*q + 0 + 1/3*q**3 - 1/2*q**2. Determine n(-3).
-7
Let k = 263 - 267. Let p(b) = -b**3 -